What is the hundred thousands digit of 442189960?
1
What is the hundred millions digit of 3334340393?
3
What is the hundred thousands digit of 679024444?
0
What is the ten thousands digit of 4010761548?
6
What is the millions digit of 596269321?
6
What is the ten thousands digit of 1028553900?
5
What is the ten thousands digit of 1701662732?
6
What is the ten thousands digit of 158830414?
3
What is the hundreds digit of 107817575?
5
What is the ten millions digit of 29741559?
2
What is the ten thousands digit of 3723506224?
0
What is the ten millions digit of 73027391?
7
What is the tens digit of 85230360?
6
What is the tens digit of 1149903059?
5
What is the ten millions digit of 768444318?
6
What is the units digit of 156638599?
9
What is the ten thousands digit of 174192316?
9
What is the ten thousands digit of 165516221?
1
What is the units digit of 1066940440?
0
What is the ten millions digit of 140545820?
4
What is the units digit of 247951461?
1
What is the thousands digit of 317112243?
2
What is the tens digit of 32757282?
8
What is the ten millions digit of 48367413?
4
What is the tens digit of 75449653?
5
What is the tens digit of 119300762?
6
What is the hundred thousands digit of 2494450?
4
What is the tens digit of 1715553921?
2
What is the ten millions digit of 5940965982?
4
What is the thousands digit of 676639969?
9
What is the billions digit of 5783047061?
5
What is the units digit of 33872142?
2
What is the tens digit of 2617979145?
4
What is the ten thousands digit of 866153864?
5
What is the ten millions digit of 235591895?
3
What is the hundreds digit of 46826714?
7
What is the billions digit of 2374041834?
2
What is the thousands digit of 12894087?
4
What is the hundred thousands digit of 2259113487?
1
What is the hundred thousands digit of 1374330937?
3
What is the millions digit of 32315348?
2
What is the ten thousands digit of 485658503?
5
What is the ten millions digit of 222520083?
2
What is the ten thousands digit of 563643560?
4
What is the units digit of 237959899?
9
What is the hundreds digit of 63075351?
3
What is the thousands digit of 44286082?
6
What is the ten thousands digit of 81931464?
3
What is the tens digit of 34153920?
2
What is the millions digit of 1206902335?
6
What is the units digit of 377098979?
9
What is the hundred thousands digit of 550257428?
2
What is the hundred thousands digit of 520342886?
3
What is the hundred thousands digit of 45768841?
7
What is the millions digit of 2293375694?
3
What is the hundred millions digit of 1292444977?
2
What is the millions digit of 58240002?
8
What is the thousands digit of 671380642?
0
What is the hundreds digit of 152727248?
2
What is the millions digit of 2775324718?
5
What is the hundred millions digit of 364549561?
3
What is the ten millions digit of 1929104163?
2
What is the billions digit of 3984258394?
3
What is the thousands digit of 277549381?
9
What is the ten thousands digit of 1239576393?
7
What is the ten thousands digit of 17111904?
1
What is the hundred thousands digit of 18425414?
4
What is the tens digit of 907891663?
6
What is the hundred millions digit of 4131328763?
1
What is the tens digit of 729128266?
6
What is the hundred thousands digit of 1743350406?
3
What is the ten millions digit of 948449694?
4
What is the millions digit of 371002466?
1
What is the ten millions digit of 13367094?
1
What is the thousands digit of 3145632343?
2
What is the ten millions digit of 4355704234?
5
What is the millions digit of 165792155?
5
What is the ten millions digit of 6533441860?
3
What is the hundred thousands digit of 21094961?
0
What is the tens digit of 249834352?
5
What is the thousands digit of 196139310?
9
What is the hundreds digit of 126308595?
5
What is the hundreds digit of 1232550165?
1
What is the ten thousands digit of 58909565?
0
What is the hundreds digit of 3940317928?
9
What is the hundred millions digit of 145924996?
1
What is the billions digit of 3071900738?
3
What is the hundred thousands digit of 20029754?
0
What is the hundred thousands digit of 90879108?
8
What is the ten thousands digit of 81309085?
0
What is the ten millions digit of 1499233084?
9
What is the thousands digit of 147628764?
8
What is the ten millions digit of 68414342?
6
What is the billions digit of 1691172273?
1
What is the hundreds digit of 73722608?
6
What is the tens digit of 785636974?
7
What is the tens digit of 1435926696?
9
What is the hundred millions digit of 1681626218?
6
What is the units digit of 105969687?
7
What is the hundreds digit of 530134112?
1
What is the tens digit of 14724053?
5
What is the hundred thousands digit of 1178218761?
2
What is the ten thousands digit of 137955907?
5
What is the ten millions digit of 38856366?
3
What is the units digit of 464782872?
2
What is the thousands digit of 82708720?
8
What is the ten millions digit of 46985403?
4
What is the millions digit of 61302619?
1
What is the ten millions digit of 194893454?
9
What is the millions digit of 673572727?
3
What is the millions digit of 575137881?
5
What is the millions digit of 3029688319?
9
What is the units digit of 1937859368?
8
What is the thousands digit of 1041937277?
7
What is the ten thousands digit of 32054750?
5
What is the tens digit of 592645646?
4
What is the units digit of 1069636375?
5
What is the hundreds digit of 3175249311?
3
What is the hundred thousands digit of 18559150?
5
What is the units digit of 734301933?
3
What is the hundreds digit of 7742454464?
4
What is the tens digit of 1304946239?
3
What is the ten thousands digit of 126975009?
7
What is the millions digit of 61224414?
1
What is the hundred millions digit of 1726734887?
7
What is the hundred thousands digit of 390165063?
1
What is the ten millions digit of 213197160?
1
What is the thousands digit of 306957852?
7
What is the millions digit of 118363276?
8
What is the tens digit of 60164271?
7
What is the ten thousands digit of 5911291941?
9
What is the ten thousands digit of 20656994?
5
What is the hundred thousands digit of 188558306?
5
What is the hundred thousands digit of 490167225?
1
What is the thousands digit of 1549981147?
1
What is the tens digit of 525218479?
7
What is the tens digit of 244692383?
8
What is the ten thousands digit of 7185873?
8
What is the tens digit of 1643558768?
6
What is the ten millions digit of 263606244?
6
What is the units digit of 78853898?
8
What is the tens digit of 152630412?
1
What is the millions digit of 7819522918?
9
What is the ten millions digit of 76242835?
7
What is the units digit of 6493893?
3
What is the tens digit of 836476078?
7
What is the thousands digit of 2652663398?
3
What is the ten thousands digit of 14567075?
6
What is the hundreds digit of 2756578390?
3
What is the billions digit of 1174885737?
1
What is the thousands digit of 215446349?
6
What is the thousands digit of 612044232?
4
What is the ten thousands digit of 52994257?
9
What is the thousands digit of 3382079205?
9
What is the hundred thousands digit of 125008487?
0
What is the ten millions digit of 76523972?
7
What is the hundred thousands digit of 625489519?
4
What is the ten thousands digit of 33285922?
8
What is the thousands digit of 8554531?
4
What is the ten thousands digit of 1463438758?
3
What is the millions digit of 55503547?
5
What is the hundred thousands digit of 49923965?
9
What is the ten millions digit of 79506419?
7
What is the tens digit of 161143679?
7
What is the thousands digit of 246472327?
2
What is the tens digit of 43186762?
6
What is the millions digit of 105047625?
5
What is the hundred millions digit of 220001083?
2
What is the ten thousands digit of 67980595?
8
What is the millions digit of 18159205?
8
What is the tens digit of 158945618?
1
What is the units digit of 5434348985?
5
What is the ten thousands digit of 148065847?
6
What is the hundreds digit of 1691479924?
9
What is the thousands digit of 80751100?
1
What is the ten millions digit of 13714999?
1
What is the hundred thousands digit of 5657813968?
8
What is the units digit of 31905463?
3
What is the hundreds digit of 11073186?
1
What is the hundred thousands digit of 1988238177?
2
What is the hundred thousands digit of 91072819?
0
What is the millions digit of 1